{"version":"1.0","provider_name":"Hair Company Professional","provider_url":"https:\/\/www.haircompanyprofessional.it\/es\/","author_name":"hcp_admin","author_url":"https:\/\/www.haircompanyprofessional.it\/es\/author\/hcp_admin\/","title":"Eclipse Collection 2026 - Hair Company Professional","type":"rich","width":600,"height":338,"html":"<blockquote class=\"wp-embedded-content\" data-secret=\"WDllsmibkl\"><a href=\"https:\/\/www.haircompanyprofessional.it\/es\/collezioni\/eclipse-collection-2026\/\">Eclipse Collection 2026<\/a><\/blockquote><iframe sandbox=\"allow-scripts\" security=\"restricted\" src=\"https:\/\/www.haircompanyprofessional.it\/es\/collezioni\/eclipse-collection-2026\/embed\/#?secret=WDllsmibkl\" width=\"600\" height=\"338\" title=\"\u00abEclipse Collection 2026\u00bb \u2014 Hair Company Professional\" data-secret=\"WDllsmibkl\" frameborder=\"0\" marginwidth=\"0\" marginheight=\"0\" scrolling=\"no\" class=\"wp-embedded-content\"><\/iframe><script type=\"text\/javascript\">\n\/* <![CDATA[ *\/\n\/*! This file is auto-generated *\/\n!function(d,l){\"use strict\";l.querySelector&&d.addEventListener&&\"undefined\"!=typeof URL&&(d.wp=d.wp||{},d.wp.receiveEmbedMessage||(d.wp.receiveEmbedMessage=function(e){var t=e.data;if((t||t.secret||t.message||t.value)&&!\/[^a-zA-Z0-9]\/.test(t.secret)){for(var s,r,n,a=l.querySelectorAll('iframe[data-secret=\"'+t.secret+'\"]'),o=l.querySelectorAll('blockquote[data-secret=\"'+t.secret+'\"]'),c=new RegExp(\"^https?:$\",\"i\"),i=0;i<o.length;i++)o[i].style.display=\"none\";for(i=0;i<a.length;i++)s=a[i],e.source===s.contentWindow&&(s.removeAttribute(\"style\"),\"height\"===t.message?(1e3<(r=parseInt(t.value,10))?r=1e3:~~r<200&&(r=200),s.height=r):\"link\"===t.message&&(r=new URL(s.getAttribute(\"src\")),n=new URL(t.value),c.test(n.protocol))&&n.host===r.host&&l.activeElement===s&&(d.top.location.href=t.value))}},d.addEventListener(\"message\",d.wp.receiveEmbedMessage,!1),l.addEventListener(\"DOMContentLoaded\",function(){for(var e,t,s=l.querySelectorAll(\"iframe.wp-embedded-content\"),r=0;r<s.length;r++)(t=(e=s[r]).getAttribute(\"data-secret\"))||(t=Math.random().toString(36).substring(2,12),e.src+=\"#?secret=\"+t,e.setAttribute(\"data-secret\",t)),e.contentWindow.postMessage({message:\"ready\",secret:t},\"*\")},!1)))}(window,document);\n\/\/# sourceURL=https:\/\/www.haircompanyprofessional.it\/wp-includes\/js\/wp-embed.min.js\n\/* ]]> *\/\n<\/script>\n","description":"Luz y sombra, fuerza y delicadeza.  Esta colecci\u00f3n celebra la transformaci\u00f3n y los infinitos matices de la identidad femenina, entrelazando arte, visi\u00f3n y atm\u00f3sfera. Tres mundos, tres almas, tres interpretaciones de belleza que hablan de libertad y audacia.  Echo Bloom \u2013 El renacer sensorial\u2028 Inspirado en la naturaleza que florece, celebra la feminidad como una fuerza po\u00e9tica. Los tonos pastel luminosos y florales se funden con texturas suaves y envolventes, creando looks que brillan en los detalles m\u00e1s sutiles y transforman la sensibilidad en energ\u00eda vital.  Aurora Tides \u2013 El alma fluida\u2028 Inspirado en las auroras boreales y las mareas, expresa ligereza, movimiento y capacidad de adaptaci\u00f3n. Paletas iridiscentes de azules y violetas acompa\u00f1an el cabello y el styling, convirtiendo cada gesto en un relato de fluidez y belleza futura.  Dynamic Glow \u2013 La energ\u00eda que enciende\u2028 El ritmo urbano, las luces de ne\u00f3n y el movimiento constante definen esta tendencia audaz y vibrante. Celebra la presencia esc\u00e9nica y la belleza moderna, con cortes, vol\u00famenes y estilos que juegan con la luz y la sombra, capturando la energ\u00eda de la contemporaneidad."}

Luz y sombra, fuerza y delicadeza.  Esta colección celebra la transformación y los infinitos matices de la identidad femenina, entrelazando arte, visión y atmósfera. Tres mundos, tres almas, tres interpretaciones de belleza que hablan de libertad y audacia.  Echo Bloom – El renacer sensorial  Inspirado en la naturaleza que florece, celebra la feminidad como una fuerza poética. Los tonos pastel luminosos y florales se funden con texturas suaves y envolventes, creando looks que brillan en los detalles más sutiles y transforman la sensibilidad en energía vital.  Aurora Tides – El alma fluida  Inspirado en las auroras boreales y las mareas, expresa ligereza, movimiento y capacidad de adaptación. Paletas iridiscentes de azules y violetas acompañan el cabello y el styling, convirtiendo cada gesto en un relato de fluidez y belleza futura.  Dynamic Glow – La energía que enciende  El ritmo urbano, las luces de neón y el movimiento constante definen esta tendencia audaz y vibrante. Celebra la presencia escénica y la belleza moderna, con cortes, volúmenes y estilos que juegan con la luz y la sombra, capturando la energía de la contemporaneidad.
