{"id":6340,"date":"2024-01-05T16:00:34","date_gmt":"2024-01-05T15:00:34","guid":{"rendered":"https:\/\/www.haircompanyprofessional.it\/prodotto\/spray-protector-previo-al-tratamiento\/"},"modified":"2025-08-14T17:42:04","modified_gmt":"2025-08-14T15:42:04","slug":"spray-protector-previo-al-tratamiento","status":"publish","type":"product","link":"https:\/\/www.haircompanyprofessional.it\/es\/producto\/spray-protector-previo-al-tratamiento\/","title":{"rendered":"Spray protector previo al tratamiento"},"content":{"rendered":"","protected":false},"excerpt":{"rendered":"<p>Si no se tiene cuidado, el cabello ya sensibilizado sufre una p\u00e9rdida de brillo e hidrataci\u00f3n durante un tratamiento t\u00e9cnico. Protegerlo durante esta fase est\u00e1 entre las necesidades m\u00e1s solicitadas para mantener el cabello sano. El Spray Protector Pre-Tratamiento es un producto de uso profesional previo a la decoloraci\u00f3n. Aplicado en la zona m\u00e1s sensibilizada del cabello, lo preserva creando una eficaz barrera protectora.<\/p>\n","protected":false},"featured_media":6289,"comment_status":"closed","ping_status":"closed","template":"","meta":[],"product_cat":[197],"product_tag":[],"class_list":["post-6340","product","type-product","status-publish","has-post-thumbnail","hentry","product_cat-productos-tecnicos"],"acf":[],"yoast_head":"<!-- This site is optimized with the Yoast SEO plugin v23.8 - https:\/\/yoast.com\/wordpress\/plugins\/seo\/ -->\n<title>Spray protector previo al tratamiento |Productos t\u00e9cnicos | Hair Company Professional<\/title>\n<meta name=\"description\" content=\"Si no se tiene cuidado, el cabello ya sensibilizado sufre una p\u00e9rdida de brillo e hidrataci\u00f3n durante un tratamiento t\u00e9cnico. Protegerlo durante esta fase est\u00e1 entre las necesidades m\u00e1s solicitadas para mantener el cabello sano. El Spray Protector Pre-Tratamiento es un producto de uso profesional previo a la decoloraci\u00f3n. Aplicado en la zona m\u00e1s sensibilizada del cabello, lo preserva creando una eficaz barrera protectora.\" \/>\n<meta name=\"robots\" content=\"index, follow, max-snippet:-1, max-image-preview:large, max-video-preview:-1\" \/>\n<link rel=\"canonical\" href=\"https:\/\/www.haircompanyprofessional.it\/es\/producto\/spray-protector-previo-al-tratamiento\/\" \/>\n<meta property=\"og:locale\" content=\"es_ES\" \/>\n<meta property=\"og:type\" content=\"article\" \/>\n<meta property=\"og:title\" content=\"Spray protector previo al tratamiento |Productos t\u00e9cnicos | Hair Company Professional\" \/>\n<meta property=\"og:description\" content=\"Si no se tiene cuidado, el cabello ya sensibilizado sufre una p\u00e9rdida de brillo e hidrataci\u00f3n durante un tratamiento t\u00e9cnico. Protegerlo durante esta fase est\u00e1 entre las necesidades m\u00e1s solicitadas para mantener el cabello sano. El Spray Protector Pre-Tratamiento es un producto de uso profesional previo a la decoloraci\u00f3n. Aplicado en la zona m\u00e1s sensibilizada del cabello, lo preserva creando una eficaz barrera protectora.\" \/>\n<meta property=\"og:url\" content=\"https:\/\/www.haircompanyprofessional.it\/es\/producto\/spray-protector-previo-al-tratamiento\/\" \/>\n<meta property=\"og:site_name\" content=\"Hair Company Professional\" \/>\n<meta property=\"article:modified_time\" content=\"2025-08-14T15:42:04+00:00\" \/>\n<meta property=\"og:image\" content=\"https:\/\/www.haircompanyprofessional.it\/wp-content\/uploads\/2024\/01\/Inimitable-tech-protector-spray.jpg\" \/>\n\t<meta property=\"og:image:width\" content=\"2000\" \/>\n\t<meta property=\"og:image:height\" content=\"2000\" \/>\n\t<meta property=\"og:image:type\" content=\"image\/jpeg\" \/>\n<meta name=\"twitter:card\" content=\"summary_large_image\" \/>\n<script type=\"application\/ld+json\" class=\"yoast-schema-graph\">{\"@context\":\"https:\/\/schema.org\",\"@graph\":[{\"@type\":\"WebPage\",\"@id\":\"https:\/\/www.haircompanyprofessional.it\/es\/producto\/spray-protector-previo-al-tratamiento\/\",\"url\":\"https:\/\/www.haircompanyprofessional.it\/es\/producto\/spray-protector-previo-al-tratamiento\/\",\"name\":\"Spray protector previo al tratamiento |Productos t\u00e9cnicos | Hair Company Professional\",\"isPartOf\":{\"@id\":\"https:\/\/www.haircompanyprofessional.it\/#website\"},\"primaryImageOfPage\":{\"@id\":\"https:\/\/www.haircompanyprofessional.it\/es\/producto\/spray-protector-previo-al-tratamiento\/#primaryimage\"},\"image\":{\"@id\":\"https:\/\/www.haircompanyprofessional.it\/es\/producto\/spray-protector-previo-al-tratamiento\/#primaryimage\"},\"thumbnailUrl\":\"https:\/\/www.haircompanyprofessional.it\/wp-content\/uploads\/2024\/01\/Inimitable-tech-protector-spray.jpg\",\"datePublished\":\"2024-01-05T15:00:34+00:00\",\"dateModified\":\"2025-08-14T15:42:04+00:00\",\"description\":\"Si no se tiene cuidado, el cabello ya sensibilizado sufre una p\u00e9rdida de brillo e hidrataci\u00f3n durante un tratamiento t\u00e9cnico. Protegerlo durante esta fase est\u00e1 entre las necesidades m\u00e1s solicitadas para mantener el cabello sano. El Spray Protector Pre-Tratamiento es un producto de uso profesional previo a la decoloraci\u00f3n. Aplicado en la zona m\u00e1s sensibilizada del cabello, lo preserva creando una eficaz barrera protectora.\",\"breadcrumb\":{\"@id\":\"https:\/\/www.haircompanyprofessional.it\/es\/producto\/spray-protector-previo-al-tratamiento\/#breadcrumb\"},\"inLanguage\":\"es\",\"potentialAction\":[{\"@type\":\"ReadAction\",\"target\":[\"https:\/\/www.haircompanyprofessional.it\/es\/producto\/spray-protector-previo-al-tratamiento\/\"]}]},{\"@type\":\"ImageObject\",\"inLanguage\":\"es\",\"@id\":\"https:\/\/www.haircompanyprofessional.it\/es\/producto\/spray-protector-previo-al-tratamiento\/#primaryimage\",\"url\":\"https:\/\/www.haircompanyprofessional.it\/wp-content\/uploads\/2024\/01\/Inimitable-tech-protector-spray.jpg\",\"contentUrl\":\"https:\/\/www.haircompanyprofessional.it\/wp-content\/uploads\/2024\/01\/Inimitable-tech-protector-spray.jpg\",\"width\":2000,\"height\":2000,\"caption\":\"Inimitable-tech-protector-spray\"},{\"@type\":\"BreadcrumbList\",\"@id\":\"https:\/\/www.haircompanyprofessional.it\/es\/producto\/spray-protector-previo-al-tratamiento\/#breadcrumb\",\"itemListElement\":[{\"@type\":\"ListItem\",\"position\":1,\"name\":\"Home\",\"item\":\"https:\/\/www.haircompanyprofessional.it\/es\/\"},{\"@type\":\"ListItem\",\"position\":2,\"name\":\"Tienda\",\"item\":\"https:\/\/www.haircompanyprofessional.it\/es\/tienda\/\"},{\"@type\":\"ListItem\",\"position\":3,\"name\":\"Spray protector previo al tratamiento\"}]},{\"@type\":\"WebSite\",\"@id\":\"https:\/\/www.haircompanyprofessional.it\/#website\",\"url\":\"https:\/\/www.haircompanyprofessional.it\/\",\"name\":\"Hair Company Professional\",\"description\":\"\",\"publisher\":{\"@id\":\"https:\/\/www.haircompanyprofessional.it\/#organization\"},\"potentialAction\":[{\"@type\":\"SearchAction\",\"target\":{\"@type\":\"EntryPoint\",\"urlTemplate\":\"https:\/\/www.haircompanyprofessional.it\/?s={search_term_string}\"},\"query-input\":{\"@type\":\"PropertyValueSpecification\",\"valueRequired\":true,\"valueName\":\"search_term_string\"}}],\"inLanguage\":\"es\"},{\"@type\":\"Organization\",\"@id\":\"https:\/\/www.haircompanyprofessional.it\/#organization\",\"name\":\"Hair Company Professional\",\"url\":\"https:\/\/www.haircompanyprofessional.it\/\",\"logo\":{\"@type\":\"ImageObject\",\"inLanguage\":\"es\",\"@id\":\"https:\/\/www.haircompanyprofessional.it\/#\/schema\/logo\/image\/\",\"url\":\"https:\/\/www.haircompanyprofessional.it\/wp-content\/uploads\/2022\/03\/logo.png\",\"contentUrl\":\"https:\/\/www.haircompanyprofessional.it\/wp-content\/uploads\/2022\/03\/logo.png\",\"width\":620,\"height\":176,\"caption\":\"Hair Company Professional\"},\"image\":{\"@id\":\"https:\/\/www.haircompanyprofessional.it\/#\/schema\/logo\/image\/\"}}]}<\/script>\n<!-- \/ Yoast SEO plugin. -->","yoast_head_json":{"title":"Spray protector previo al tratamiento |Productos t\u00e9cnicos | Hair Company Professional","description":"Si no se tiene cuidado, el cabello ya sensibilizado sufre una p\u00e9rdida de brillo e hidrataci\u00f3n durante un tratamiento t\u00e9cnico. Protegerlo durante esta fase est\u00e1 entre las necesidades m\u00e1s solicitadas para mantener el cabello sano. El Spray Protector Pre-Tratamiento es un producto de uso profesional previo a la decoloraci\u00f3n. Aplicado en la zona m\u00e1s sensibilizada del cabello, lo preserva creando una eficaz barrera protectora.","robots":{"index":"index","follow":"follow","max-snippet":"max-snippet:-1","max-image-preview":"max-image-preview:large","max-video-preview":"max-video-preview:-1"},"canonical":"https:\/\/www.haircompanyprofessional.it\/es\/producto\/spray-protector-previo-al-tratamiento\/","og_locale":"es_ES","og_type":"article","og_title":"Spray protector previo al tratamiento |Productos t\u00e9cnicos | Hair Company Professional","og_description":"Si no se tiene cuidado, el cabello ya sensibilizado sufre una p\u00e9rdida de brillo e hidrataci\u00f3n durante un tratamiento t\u00e9cnico. Protegerlo durante esta fase est\u00e1 entre las necesidades m\u00e1s solicitadas para mantener el cabello sano. El Spray Protector Pre-Tratamiento es un producto de uso profesional previo a la decoloraci\u00f3n. Aplicado en la zona m\u00e1s sensibilizada del cabello, lo preserva creando una eficaz barrera protectora.","og_url":"https:\/\/www.haircompanyprofessional.it\/es\/producto\/spray-protector-previo-al-tratamiento\/","og_site_name":"Hair Company Professional","article_modified_time":"2025-08-14T15:42:04+00:00","og_image":[{"width":2000,"height":2000,"url":"https:\/\/www.haircompanyprofessional.it\/wp-content\/uploads\/2024\/01\/Inimitable-tech-protector-spray.jpg","type":"image\/jpeg"}],"twitter_card":"summary_large_image","schema":{"@context":"https:\/\/schema.org","@graph":[{"@type":"WebPage","@id":"https:\/\/www.haircompanyprofessional.it\/es\/producto\/spray-protector-previo-al-tratamiento\/","url":"https:\/\/www.haircompanyprofessional.it\/es\/producto\/spray-protector-previo-al-tratamiento\/","name":"Spray protector previo al tratamiento |Productos t\u00e9cnicos | Hair Company Professional","isPartOf":{"@id":"https:\/\/www.haircompanyprofessional.it\/#website"},"primaryImageOfPage":{"@id":"https:\/\/www.haircompanyprofessional.it\/es\/producto\/spray-protector-previo-al-tratamiento\/#primaryimage"},"image":{"@id":"https:\/\/www.haircompanyprofessional.it\/es\/producto\/spray-protector-previo-al-tratamiento\/#primaryimage"},"thumbnailUrl":"https:\/\/www.haircompanyprofessional.it\/wp-content\/uploads\/2024\/01\/Inimitable-tech-protector-spray.jpg","datePublished":"2024-01-05T15:00:34+00:00","dateModified":"2025-08-14T15:42:04+00:00","description":"Si no se tiene cuidado, el cabello ya sensibilizado sufre una p\u00e9rdida de brillo e hidrataci\u00f3n durante un tratamiento t\u00e9cnico. Protegerlo durante esta fase est\u00e1 entre las necesidades m\u00e1s solicitadas para mantener el cabello sano. El Spray Protector Pre-Tratamiento es un producto de uso profesional previo a la decoloraci\u00f3n. Aplicado en la zona m\u00e1s sensibilizada del cabello, lo preserva creando una eficaz barrera protectora.","breadcrumb":{"@id":"https:\/\/www.haircompanyprofessional.it\/es\/producto\/spray-protector-previo-al-tratamiento\/#breadcrumb"},"inLanguage":"es","potentialAction":[{"@type":"ReadAction","target":["https:\/\/www.haircompanyprofessional.it\/es\/producto\/spray-protector-previo-al-tratamiento\/"]}]},{"@type":"ImageObject","inLanguage":"es","@id":"https:\/\/www.haircompanyprofessional.it\/es\/producto\/spray-protector-previo-al-tratamiento\/#primaryimage","url":"https:\/\/www.haircompanyprofessional.it\/wp-content\/uploads\/2024\/01\/Inimitable-tech-protector-spray.jpg","contentUrl":"https:\/\/www.haircompanyprofessional.it\/wp-content\/uploads\/2024\/01\/Inimitable-tech-protector-spray.jpg","width":2000,"height":2000,"caption":"Inimitable-tech-protector-spray"},{"@type":"BreadcrumbList","@id":"https:\/\/www.haircompanyprofessional.it\/es\/producto\/spray-protector-previo-al-tratamiento\/#breadcrumb","itemListElement":[{"@type":"ListItem","position":1,"name":"Home","item":"https:\/\/www.haircompanyprofessional.it\/es\/"},{"@type":"ListItem","position":2,"name":"Tienda","item":"https:\/\/www.haircompanyprofessional.it\/es\/tienda\/"},{"@type":"ListItem","position":3,"name":"Spray protector previo al tratamiento"}]},{"@type":"WebSite","@id":"https:\/\/www.haircompanyprofessional.it\/#website","url":"https:\/\/www.haircompanyprofessional.it\/","name":"Hair Company Professional","description":"","publisher":{"@id":"https:\/\/www.haircompanyprofessional.it\/#organization"},"potentialAction":[{"@type":"SearchAction","target":{"@type":"EntryPoint","urlTemplate":"https:\/\/www.haircompanyprofessional.it\/?s={search_term_string}"},"query-input":{"@type":"PropertyValueSpecification","valueRequired":true,"valueName":"search_term_string"}}],"inLanguage":"es"},{"@type":"Organization","@id":"https:\/\/www.haircompanyprofessional.it\/#organization","name":"Hair Company Professional","url":"https:\/\/www.haircompanyprofessional.it\/","logo":{"@type":"ImageObject","inLanguage":"es","@id":"https:\/\/www.haircompanyprofessional.it\/#\/schema\/logo\/image\/","url":"https:\/\/www.haircompanyprofessional.it\/wp-content\/uploads\/2022\/03\/logo.png","contentUrl":"https:\/\/www.haircompanyprofessional.it\/wp-content\/uploads\/2022\/03\/logo.png","width":620,"height":176,"caption":"Hair Company Professional"},"image":{"@id":"https:\/\/www.haircompanyprofessional.it\/#\/schema\/logo\/image\/"}}]}},"_links":{"self":[{"href":"https:\/\/www.haircompanyprofessional.it\/es\/wp-json\/wp\/v2\/product\/6340","targetHints":{"allow":["GET"]}}],"collection":[{"href":"https:\/\/www.haircompanyprofessional.it\/es\/wp-json\/wp\/v2\/product"}],"about":[{"href":"https:\/\/www.haircompanyprofessional.it\/es\/wp-json\/wp\/v2\/types\/product"}],"replies":[{"embeddable":true,"href":"https:\/\/www.haircompanyprofessional.it\/es\/wp-json\/wp\/v2\/comments?post=6340"}],"wp:featuredmedia":[{"embeddable":true,"href":"https:\/\/www.haircompanyprofessional.it\/es\/wp-json\/wp\/v2\/media\/6289"}],"wp:attachment":[{"href":"https:\/\/www.haircompanyprofessional.it\/es\/wp-json\/wp\/v2\/media?parent=6340"}],"wp:term":[{"taxonomy":"product_cat","embeddable":true,"href":"https:\/\/www.haircompanyprofessional.it\/es\/wp-json\/wp\/v2\/product_cat?post=6340"},{"taxonomy":"product_tag","embeddable":true,"href":"https:\/\/www.haircompanyprofessional.it\/es\/wp-json\/wp\/v2\/product_tag?post=6340"}],"curies":[{"name":"wp","href":"https:\/\/api.w.org\/{rel}","templated":true}]}}

<p>Si no se tiene cuidado, el cabello ya sensibilizado sufre una pérdida de brillo e hidratación durante un tratamiento técnico. Protegerlo durante esta fase está entre las necesidades más solicitadas para mantener el cabello sano. El Spray Protector Pre-Tratamiento es un producto de uso profesional previo a la decoloración. Aplicado en la zona más sensibilizada del cabello, lo preserva creando una eficaz barrera protectora.</p>

<!-- This site is optimized with the Yoast SEO plugin v23.8 - https://yoast.com/wordpress/plugins/seo/ -->
<title>Spray protector previo al tratamiento |Productos técnicos | Hair Company Professional</title>
<meta name="description" content="Si no se tiene cuidado, el cabello ya sensibilizado sufre una pérdida de brillo e hidratación durante un tratamiento técnico. Protegerlo durante esta fase está entre las necesidades más solicitadas para mantener el cabello sano. El Spray Protector Pre-Tratamiento es un producto de uso profesional previo a la decoloración. Aplicado en la zona más sensibilizada del cabello, lo preserva creando una eficaz barrera protectora." />
<meta name="robots" content="index, follow, max-snippet:-1, max-image-preview:large, max-video-preview:-1" />
<link rel="canonical" href="https://www.haircompanyprofessional.it/es/producto/spray-protector-previo-al-tratamiento/" />
<meta property="og:locale" content="es_ES" />
<meta property="og:type" content="article" />
<meta property="og:title" content="Spray protector previo al tratamiento |Productos técnicos | Hair Company Professional" />
<meta property="og:description" content="Si no se tiene cuidado, el cabello ya sensibilizado sufre una pérdida de brillo e hidratación durante un tratamiento técnico. Protegerlo durante esta fase está entre las necesidades más solicitadas para mantener el cabello sano. El Spray Protector Pre-Tratamiento es un producto de uso profesional previo a la decoloración. Aplicado en la zona más sensibilizada del cabello, lo preserva creando una eficaz barrera protectora." />
<meta property="og:url" content="https://www.haircompanyprofessional.it/es/producto/spray-protector-previo-al-tratamiento/" />
<meta property="og:site_name" content="Hair Company Professional" />
<meta property="article:modified_time" content="2025-08-14T15:42:04+00:00" />
<meta property="og:image" content="https://www.haircompanyprofessional.it/wp-content/uploads/2024/01/Inimitable-tech-protector-spray.jpg" />
	<meta property="og:image:width" content="2000" />
	<meta property="og:image:height" content="2000" />
	<meta property="og:image:type" content="image/jpeg" />
<meta name="twitter:card" content="summary_large_image" />
<script type="application/ld+json" class="yoast-schema-graph">{"@context":"https://schema.org","@graph":[{"@type":"WebPage","@id":"https://www.haircompanyprofessional.it/es/producto/spray-protector-previo-al-tratamiento/","url":"https://www.haircompanyprofessional.it/es/producto/spray-protector-previo-al-tratamiento/","name":"Spray protector previo al tratamiento |Productos técnicos | Hair Company Professional","isPartOf":{"@id":"https://www.haircompanyprofessional.it/#website"},"primaryImageOfPage":{"@id":"https://www.haircompanyprofessional.it/es/producto/spray-protector-previo-al-tratamiento/#primaryimage"},"image":{"@id":"https://www.haircompanyprofessional.it/es/producto/spray-protector-previo-al-tratamiento/#primaryimage"},"thumbnailUrl":"https://www.haircompanyprofessional.it/wp-content/uploads/2024/01/Inimitable-tech-protector-spray.jpg","datePublished":"2024-01-05T15:00:34+00:00","dateModified":"2025-08-14T15:42:04+00:00","description":"Si no se tiene cuidado, el cabello ya sensibilizado sufre una pérdida de brillo e hidratación durante un tratamiento técnico. Protegerlo durante esta fase está entre las necesidades más solicitadas para mantener el cabello sano. El Spray Protector Pre-Tratamiento es un producto de uso profesional previo a la decoloración. Aplicado en la zona más sensibilizada del cabello, lo preserva creando una eficaz barrera protectora.","breadcrumb":{"@id":"https://www.haircompanyprofessional.it/es/producto/spray-protector-previo-al-tratamiento/#breadcrumb"},"inLanguage":"es","potentialAction":[{"@type":"ReadAction","target":["https://www.haircompanyprofessional.it/es/producto/spray-protector-previo-al-tratamiento/"]}]},{"@type":"ImageObject","inLanguage":"es","@id":"https://www.haircompanyprofessional.it/es/producto/spray-protector-previo-al-tratamiento/#primaryimage","url":"https://www.haircompanyprofessional.it/wp-content/uploads/2024/01/Inimitable-tech-protector-spray.jpg","contentUrl":"https://www.haircompanyprofessional.it/wp-content/uploads/2024/01/Inimitable-tech-protector-spray.jpg","width":2000,"height":2000,"caption":"Inimitable-tech-protector-spray"},{"@type":"BreadcrumbList","@id":"https://www.haircompanyprofessional.it/es/producto/spray-protector-previo-al-tratamiento/#breadcrumb","itemListElement":[{"@type":"ListItem","position":1,"name":"Home","item":"https://www.haircompanyprofessional.it/es/"},{"@type":"ListItem","position":2,"name":"Tienda","item":"https://www.haircompanyprofessional.it/es/tienda/"},{"@type":"ListItem","position":3,"name":"Spray protector previo al tratamiento"}]},{"@type":"WebSite","@id":"https://www.haircompanyprofessional.it/#website","url":"https://www.haircompanyprofessional.it/","name":"Hair Company Professional","description":"","publisher":{"@id":"https://www.haircompanyprofessional.it/#organization"},"potentialAction":[{"@type":"SearchAction","target":{"@type":"EntryPoint","urlTemplate":"https://www.haircompanyprofessional.it/?s={search_term_string}"},"query-input":{"@type":"PropertyValueSpecification","valueRequired":true,"valueName":"search_term_string"}}],"inLanguage":"es"},{"@type":"Organization","@id":"https://www.haircompanyprofessional.it/#organization","name":"Hair Company Professional","url":"https://www.haircompanyprofessional.it/","logo":{"@type":"ImageObject","inLanguage":"es","@id":"https://www.haircompanyprofessional.it/#/schema/logo/image/","url":"https://www.haircompanyprofessional.it/wp-content/uploads/2022/03/logo.png","contentUrl":"https://www.haircompanyprofessional.it/wp-content/uploads/2022/03/logo.png","width":620,"height":176,"caption":"Hair Company Professional"},"image":{"@id":"https://www.haircompanyprofessional.it/#/schema/logo/image/"}}]}</script>
<!-- / Yoast SEO plugin. -->

Spray protector previo al tratamiento |Productos técnicos | Hair Company Professional

Si no se tiene cuidado, el cabello ya sensibilizado sufre una pérdida de brillo e hidratación durante un tratamiento técnico. Protegerlo durante esta fase está entre las necesidades más solicitadas para mantener el cabello sano. El Spray Protector Pre-Tratamiento es un producto de uso profesional previo a la decoloración. Aplicado en la zona más sensibilizada del cabello, lo preserva creando una eficaz barrera protectora.
